{"id":22,"date":"2019-05-24T21:33:33","date_gmt":"2019-05-24T21:33:33","guid":{"rendered":"https:\/\/saibama.is\/?page_id=22"},"modified":"2019-07-31T19:40:49","modified_gmt":"2019-07-31T19:40:49","slug":"sobre","status":"publish","type":"page","link":"https:\/\/galeriadeblogs.com\/blog\/sobre\/","title":{"rendered":"Sobre"},"content":{"rendered":"\n<h3>Nosso site<\/h3>\n\n\n\n<p>O Galeria de Blogs oferece uma vis\u00e3o \u00fanica e n\u00e3o tendenciosa sobre os mais diversos sites e blogs na internet, relatando t\u00f3picos relacionados a WordPress, SEO, marketing, entre outros. Publicamos blogs relevantes todos os dias.<\/p>\n","protected":false},"excerpt":{"rendered":"<p>Nosso site O Galeria de Blogs oferece uma vis\u00e3o \u00fanica e n\u00e3o tendenciosa sobre os mais diversos sites e blogs na internet, relatando t\u00f3picos relacionados a WordPress, SEO, marketing, entre outros. Publicamos blogs relevantes todos os dias.<\/p>\n","protected":false},"author":2,"featured_media":0,"parent":0,"menu_order":0,"comment_status":"closed","ping_status":"closed","template":"","meta":[],"_links":{"self":[{"href":"https:\/\/galeriadeblogs.com\/blog\/wp-json\/wp\/v2\/pages\/22"}],"collection":[{"href":"https:\/\/galeriadeblogs.com\/blog\/wp-json\/wp\/v2\/pages"}],"about":[{"href":"https:\/\/galeriadeblogs.com\/blog\/wp-json\/wp\/v2\/types\/page"}],"author":[{"embeddable":true,"href":"https:\/\/galeriadeblogs.com\/blog\/wp-json\/wp\/v2\/users\/2"}],"replies":[{"embeddable":true,"href":"https:\/\/galeriadeblogs.com\/blog\/wp-json\/wp\/v2\/comments?post=22"}],"version-history":[{"count":0,"href":"https:\/\/galeriadeblogs.com\/blog\/wp-json\/wp\/v2\/pages\/22\/revisions"}],"wp:attachment":[{"href":"https:\/\/galeriadeblogs.com\/blog\/wp-json\/wp\/v2\/media?parent=22"}],"curies":[{"name":"wp","href":"https:\/\/api.w.org\/{rel}","templated":true}]}}