{"id":20,"date":"2019-05-24T21:17:00","date_gmt":"2019-05-24T21:17:00","guid":{"rendered":"https:\/\/saibama.is\/?page_id=14"},"modified":"2019-07-31T19:41:33","modified_gmt":"2019-07-31T19:41:33","slug":"contato","status":"publish","type":"page","link":"https:\/\/galeriadeblogs.com\/blog\/contato\/","title":{"rendered":"Contato"},"content":{"rendered":"\n<p>Galeria de Blogs\u00a0<strong>n\u00e3o \u00e9 uma institui\u00e7\u00e3o financeira<\/strong>\u00a0e n\u00e3o realiza opera\u00e7\u00f5es de financiamento, empr\u00e9stimo ou quaisquer outras opera\u00e7\u00f5es privativas de institui\u00e7\u00f5es financeiras. O site atua \u00fanica e exclusivamente como portal de informa\u00e7\u00f5es sobre sites e blogs e provedor de conte\u00fados relevantes para a popula\u00e7\u00e3o.<\/p>\n\n\n\n<p><strong>Como ganhamos dinheiro?<\/strong>&nbsp;O Galeria de Blogs n\u00e3o recebe comiss\u00f5es das marcas mencionadas. Toda informa\u00e7\u00e3o publicada \u00e9&nbsp;<strong>independente<\/strong>&nbsp;e id\u00f4nea. E a receita gerada \u00e9 exclusivamente via publicidade atrav\u00e9s de uma parceria com o Google.<\/p>\n\n\n\n<h3>Sobre An\u00fancios<\/h3>\n\n\n\n<p>Galeria de Blogs alcan\u00e7a milhares de pessoas todos os meses e faz parte de uma rede de sites que alcan\u00e7a mais de 70 milh\u00f5es de pessoas todos os meses.<\/p>\n\n\n\n<p>E para publicidade, o portal escolheu firmar uma parceria com o Google para veicular an\u00fancios. Para anunciar basta fazer atrav\u00e9s do Google Ads (antigo Google Adwords).<\/p>\n\n\n\n<h3>Anunciar pelo Google<\/h3>\n\n\n\n<p>An\u00fancios no Galeria de Blogs podem ser feitos atr\u00e1ves do Google Ads.<\/p>\n\n\n\n<p>Pelo Google voc\u00ea poder\u00e1 comprar an\u00fancios tanto do tipo CPC (Custo por clique) ou CPM (Custo por mil impress\u00f5es).<\/p>\n\n\n\n<p>N\u00e3o existe um valor m\u00ednimo para seus an\u00fancios. Voc\u00ea anuncia o tanto e quanto quiser. Basta especificar o valor a ser investido e o Google faz o resto para voc\u00ea.<\/p>\n\n\n\n<p>Come\u00e7ando\u2026<\/p>\n\n\n\n<p>Abra uma&nbsp;<a href=\"https:\/\/ads.google.com\/intl\/pt-BR_br\/start\/\" target=\"_blank\" rel=\"noreferrer noopener\">conta no Google Ads<\/a>.<\/p>\n\n\n\n<p>Uma vez logado no Google Ads, crie uma uma campanha segmentada por canal e selecione&nbsp;<strong>galeriadeblogs.com<\/strong>&nbsp;como site que voc\u00ea gostaria de anunciar.<\/p>\n\n\n\n<p>Para criar campanha segmentada por canal no galeriadeblogs.com siga os passos:<\/p>\n\n\n\n<ol><li>Logue na sua conta no&nbsp;<a rel=\"noreferrer noopener\" href=\"https:\/\/ads.google.com\/\" target=\"_blank\">Google Ads<\/a>&nbsp;(se voc\u00ea ainda n\u00e3o estiver).<\/li><li>Clique na guia&nbsp;<strong>Campanhas<\/strong>, na parte superior, e selecione a campanha que voc\u00ea deseja editar.<\/li><li>V\u00e1 at\u00e9 a guia&nbsp;<strong>Rede de Display<\/strong>&nbsp;e clique em&nbsp;<strong>+ Segmenta\u00e7\u00e3o<\/strong>, acima do gr\u00e1fico.<\/li><li>Selecione um grupo de an\u00fancios.<\/li><li>Clique no menu suspenso \u201cAdicionar segmenta\u00e7\u00e3o\u201d e selecione \u201cCanais\u201d.<\/li><li>Digite \u201c<strong>galeriadeblogs.com<\/strong>\u201d dentro da caixa de texto.<\/li><li>Clique em&nbsp;<strong>Fechar<\/strong>&nbsp;e, em seguida, em&nbsp;<strong>Salvar<\/strong>&nbsp;para adicionar os canais a seu grupo de an\u00fancios.<\/li><li>O galeriadeblogs.com ser\u00e1 adicionado e voc\u00ea poder\u00e1 continuar com as defini\u00e7\u00f5es de seu an\u00fancio.<\/li><\/ol>\n\n\n\n<p>Visite a se\u00e7\u00e3o de ajuda do \u201c<a href=\"https:\/\/support.google.com\/google-ads\/answer\/2470108?hl=pt-BR&amp;ref_topic=3119139\" target=\"_blank\" rel=\"noreferrer noopener\">Sele\u00e7\u00e3o manual de canais<\/a>\u201d para mais informa\u00e7\u00f5es.<\/p>\n\n\n\n<h3>D\u00favidas sobre Publicidade?<\/h3>\n\n\n\n<p>E-mail:&nbsp;publicidade@adireto.com<br><\/p>\n","protected":false},"excerpt":{"rendered":"<p>Galeria de Blogs\u00a0n\u00e3o \u00e9 uma institui\u00e7\u00e3o financeira\u00a0e n\u00e3o realiza opera\u00e7\u00f5es de financiamento, empr\u00e9stimo ou quaisquer outras opera\u00e7\u00f5es privativas de institui\u00e7\u00f5es financeiras. O site atua \u00fanica e exclusivamente como portal de informa\u00e7\u00f5es sobre sites e blogs e provedor de conte\u00fados relevantes para a popula\u00e7\u00e3o. Como ganhamos dinheiro?&nbsp;O Galeria de Blogs n\u00e3o recebe comiss\u00f5es das marcas mencionadas. &#8230; <a title=\"Contato\" class=\"read-more\" href=\"https:\/\/galeriadeblogs.com\/blog\/contato\/\" aria-label=\"More on Contato\">Ler mais&#8230;<\/a><\/p>\n","protected":false},"author":2,"featured_media":0,"parent":0,"menu_order":0,"comment_status":"closed","ping_status":"closed","template":"","meta":[],"_links":{"self":[{"href":"https:\/\/galeriadeblogs.com\/blog\/wp-json\/wp\/v2\/pages\/20"}],"collection":[{"href":"https:\/\/galeriadeblogs.com\/blog\/wp-json\/wp\/v2\/pages"}],"about":[{"href":"https:\/\/galeriadeblogs.com\/blog\/wp-json\/wp\/v2\/types\/page"}],"author":[{"embeddable":true,"href":"https:\/\/galeriadeblogs.com\/blog\/wp-json\/wp\/v2\/users\/2"}],"replies":[{"embeddable":true,"href":"https:\/\/galeriadeblogs.com\/blog\/wp-json\/wp\/v2\/comments?post=20"}],"version-history":[{"count":0,"href":"https:\/\/galeriadeblogs.com\/blog\/wp-json\/wp\/v2\/pages\/20\/revisions"}],"wp:attachment":[{"href":"https:\/\/galeriadeblogs.com\/blog\/wp-json\/wp\/v2\/media?parent=20"}],"curies":[{"name":"wp","href":"https:\/\/api.w.org\/{rel}","templated":true}]}}